-3.
-5
What is 12 - 14 - (4 - 2)?
-4
0 + 4 - ((1 - -1) + -1)
3
(-1 + 0 - (0 + -3)) + 1
3
What is (0 - (8 + -14)) + -11?
-5
Evaluate -5 + (1 + 3 - 1).
-2
What is the value of -11 + (20 - 11 - 1)?
-3
Calculate 0 + -1 + -2 + 4.
1
What is 0 + -1 - (16 + -19)?
2
-8 - (-17 - (-1 + -3))
5
-8 - (0 + (-22 - -11))
3
2 - 0 - 1 - -4
5
7 - (5 + (0 - 0))
2
Calculate 0 - (2 + -8 + 2).
4
What is the value of 0 + (0 + -10 - (-4 + 2))?
-8
What is (-14 - -17) + 0 - (2 + 7)?
-6
13 + 3 + -9 + -1
6
Calculate -4 - (-2 + 6 + -3).
-5
Calculate 11 - (6 + 0) - 7.
-2
Evaluate 7 + -5 + 0 + 3 + 1.
6
Calculate 4 + -2 - (-3 - 2) - 5.
2
Evaluate -5 + 3 - -7 - (-14 - -13).
6
What is the value of -2 + 6 + (2 - 2) + 1?
5
What is -3 + (0 - (-2 + 0) - 5)?
-6
Evaluate 17 + -14 + -11 + 5.
-3
What is the value of -2 - (3 + 1 - 5)?
-1
Calculate -9 + (3 - (6 + -4)) - 0.
-8
Evaluate -71 + 65 - (-15 + 1).
8
What is (5 + -18 - -13) + 3 + -1?
2
-9 - -1 - (-15 - (-8 + -5))
-6
(-8 - -4 - (3 - 6)) + -6
-7
What is (-569 - -563) + 12 + -1 + 1?
6
What is the value of 0 + -5 + (-6 - (-6 + -3))?
-2
Evaluate -8 - (0 - 1 - 4).
-3
7 + (-3 - 5 - -1)
0
(-25 - -30) + (-1 + 1 - 3)
2
What is -2 - -6 - (28 + 12 + -32)?
-4
Evaluate -2 + 5 + (5 + -8 - -7).
7
What is the value of 10 + (5 - (-6 + 7 + 8))?
6
Evaluate 3 + -4 + 1 + 3.
3
Evaluate -3 + -2 + (-3 - (-2 + -4)).
-2
Evaluate 5 + 3 + (-4 - -3) + -3.
4
Evaluate -6 + (-3 - -12) - 6.
-3
Calculate 0 + 0 - (-8 - -13).
-5
What is 3 - (18 - (-7 - -12) - 4)?
-6
Evaluate 3 + -3 - (-3 - (-2 - 7)).
-6
3 + -12 + 7 - 2
-4
What is 2 + 2 + (6 - 2 - 6)?
2
What is the value of 2 - ((11 - 5) + 4)?
-8
What is 2 + (16 + -5 - 7 - 2)?
4
Calculate 6 + (3 - (-5 + (7 - -2))).
5
What is (1 - 0) + (-1 - -3) + -6?
-3
What is the value of -11 + (5 - 5) + 6 + -2?
-7
Evaluate -3 + 6 + (3 - 15 - -6).
-3
What is the value of -10 + 17 + (-10 - -3)?
0
What is -22 - -25 - (0 - 3 - 3)?
9
What is (-3 - -6) + (2 - 7) - 3?
-5
What is 4 + (-3 - (3 - 6)) + 0?
4
2 + (-1 - -2) + 1
4
What is the value of 3 + (2 - -5 - 3)?
7
What is (-2 - (-3 - 3)) + -6 + 3?
1
Evaluate (7 - 2) + (0 - -1).
6
Calculate (5 + -1 - 2) + -34 + 32.
0
Evaluate 5 + 0 - 0 - 11.
-6
What is the value of (8 - (-3 + 10)) + 1?
2
-2 - (4 + (0 - 2))
-4
Evaluate -4 + 0 + -2 + (4 - 3).
-5
5 - 4 - (1 - 0)
0
(-36 - -29) + (7 - 0)
0
Calculate 3 - (2 - (5 + -4)).
2
Calculate (-1 - 15) + 5 + 20.
9
What is -2 - -11 - (-26 + 32)?
3
Calculate -2 + 1 + (-4 - (0 - 3)).
-2
Calculate 8 - 2 - (18 - 12) - -5.
5
Evaluate 1 + (2 + -5 - 0 - -2).
0
Calculate -2 + (-12 + 3 - -6) + 6.
1
Calculate -2 + 7 + (0 - 5).
0
Evaluate -3 + (-6 - -13) + -1.
3
What is the value of 3 - ((-2 - -2) + 0)?
3
Evaluate (-5 + 8 - (11 - 3)) + 3.
-2
What is -2 + (13 - 2) + -1 + -4?
4
What is the value of (3 - 8) + (-4 - -14)?
5
Evaluate 5 + -3 - (9 - 3 - 2).
-2
5 - (-2 - (-5 - -2 - 1))
3
Calculate -6 + 14 + -13 + 4.
-1
Calculate -1 - (0 + 1) - -7.
5
Evaluate (10 - 8) + (16 - 4) + -6.
8
Evaluate -6 + (-6 - -1) + 11 + 1.
1
What is the value of 16 + -7 + -1 - 7?
1
What is (0 - 6) + (7 - -4)?
5
-2 + 7 - (8 + 0 + -8)
5
-8 - (-4 - 3 - (12 - 5))
6
Calculate -2 + (10 - 2) - (2 - -1).
3
What is the value of -2 + -1 + -7 + 9?
-1
Evaluate 0 + (-1 - (-4 - 1)).
4
What is the value of 11 + -14 + (3 - -2)?
2
1 + 2 + 5 + -3
5
Calculate -2 + (0 + -4 - -9 - 3).
0
3 - (-14 - -6) - 7
4
What is -6 + (8 - 4) + 7?
5
What is (-1 - 1) + (-16 - -17)?
-1
Calculate 6 + -5 - -2 - (2 - -3).
-2
What is the value of -3 + (6 - 6) + (-4 - -14)?
7
What is -4 + (-6 - (-14 - -3))?
1
Calculate -1 - (9 + -7 + (3 - 3)).
-3
What is 65 + -71 - (2 + 0 + 3)?
-11
Calculate -2 + 7 + (-1 - 1).
3
Calculate -3 + 1 + 1 - 2.
-3
0 + 13 + -3 + -2
8
-21 - -20 - (-3 - 1)
3
Calculate 3 + -1 + -1 - -4.
5
Calculate 0 + 0 - (0 - 4) - 6.
-2
What is (-14 - (1 - 6)) + 5?
-4
0 + 2 + (7 - 4)
5
5 - (1 + 2 + -3)
5
Evaluate (1 - (1 + 0)) + 54 + -49.
5
-2 + -3 + 3 + 12 + -5
5
Calculate -6 + (-3 - ((-10 - -3) + 6)).
-8
What is (1 + 3 - 2) + -7?
-5
Evaluate (2 - -2) + 0 + 0.
4
Evaluate 0 + (-2 - -2 - 11 - -6).
-5
What is (18 - 6) + -13 + 8?
7
Calculate 15 + -19 + (0 - -3).
-1
-1 + -1 - (12 + -11)
-3
Calculate -10 + 16 + -8 - (-2 - -2).
-2
(-8 + 2 - -7) + 1 + -1
1
What is the value of -2 + -8 + (9 - (-9 - -8))?
0
Calculate 45 - 49 - ((-8 - 0) + 1).
3
Evaluate -7 + 2 + (0 - -5).
0
-9 + (-9 - -10) - -8
0
Calculate -4 - (-16 + (-5 - -11)).
6
Calculate 1 + (2 - 2) + 4.
5
15 - (-7 - -22 - 8)
8
Calculate 169 - 168 - (0 + 1).
0
9 + (5 + 6 - 14)
6
What is the value of (-16 - (2 - 10)) + 7?
-1
What is (3 - (-1 - -4)) + -5 + 5?
0
Evaluate (-7 + 7 - 5) + (2 - 2).
-5
Calculate (7 - (6 - 5 - -4)) + -2.
0
Calculate 0 + 2 + 5 - (9 + 2).
-4
1 + 3 - (-1 + 5)
0
Calculate -3 + 5 + (-2 - -2).
2
What is -3 - (-4 + (-4 - 0))?
5
What is the value of -3 + (6 - (5 + (1 - 8)))?
5
Evaluate 17 + (7 - 16) - 10.
-2
-3 - ((-69 - -74) + -10 + -1)
3
Evaluate (13 - (14 + -6)) + (-2 - -4).
7
What is the value of 8 - ((14 - 6) + -3)?
3
What is the value of (1 - (1 + 0)) + (3 - 1)?
2
Evaluate 0 - (-1 - (5 + -2)).
4
What is the value of -125 - -148 - (-1 - -13)?
11
Calculate 6 + (-3 - -1) - 4 - -2.
2
5 + -10 + 19 + -23
-9
Evaluate -4 + (8 - -1) - 10.
-5
What is the value of -2 + (2 - (-17 + 9))?
8
What is the value of -1 + -1 + 12 + (-10 - -2)?
2
What is the value of 4 - (0 - (0 + -1))?
3
What is the value of 10 - (12 + 1 + -7)?
4
What is -84 + 100 - (2 + 8)?
6
What is 12 - 0 - (-213 + 225)?
0
-4 + (-1 - -1) + 2
-2
What is -14 + 8 - (-8 - -2)?
0
What is (-39 - -36) + 1 + -5?
-7
What is the value of -6 - (39 + -45 + 5 + -2)?
-3
What is the value of 11 + (-14 + 4 - 6)?
-5
Calculate 7 - 41 - -12 - -14.
-8
Calculate 5 + -4 + 2 - (2 + 1).
0
Calculate -3 + (7 - 8) + 2.
-2
Evaluate (1 + -8 - -3) + 2.
-2
What is -2 - (-9 - (-5 - -2)) - 6?
-2
What is -2 + 3 + -1 + (-7 - -3)?
-4
What is the value of (0 - 0) + -5 + (3 - -2)?
0
What is 0 + -7 + -2 - -3?
-6
What is 0 + -3 + (-1 + 4 - -1)?
1
What is 5 + -18 + (4 - -5)?
-4
Calculate -5 - (-3 + -1 + -3).
2
Calculate 13 - 9 - (4 + 0).
0
What is -3 + 9 + -8 - 4?
-6
Calculate -5 - -1 - (-6 - (-4 - -1)).
-1
What is (-5 - 5) + 1 + 0?
-9
Evaluate (-5 - -2) + (1 - (2 + 0)).
-4
What is the value of 5 + (8 - (22 - 6))?
-3
What is the value of 2 + -5 - (-24 + 28)?
-7
What is 6 + -4 - (0 - 1)?
3
What is 4 - (3 - (4 - 6))?
-1
Evaluate -4 + (2 - (0 + 0)).
-2
Calculate -1 + -1 + (3 - -1) + -2.
0
(0 - 0) + 0 + (-5 - -6)
1
What is the value of -8 + 2 - (10 - 17)?
1
Evaluate (12 - 7) + (-2 - 0).
3
Calculate -7 + (9 + -10 - -10).
2
Evaluate 1 + 1 + (15 - 7).
10
(2 - 10) + -1 - (-15 - -10)
-4
(-14 - -5) + 4 + 6
1
Evaluate 6 + -7 + -3 - -4.
0
What is the value of 3 + (2 - 3) + -1?
1
What is the value of -7 - (-3 - (1 - (-1 - -3)))?
-5
-8 - (-3 - (8 - 5))
-2
(26 - 25) + (-1 - -3) + 0
3
Calculate 0 - -13 - 14 - (4 - -1).
-6
Calculate (4 - 2) + -2 + (3 - 4).
-1
Calculate -5 - (-18 - -11 - (1 - 4)).
-1
Calculate -4 + -1 - (3 + 1 - 6).
-3
Calculate -1 - (-1 - (-1 - 4)).
-5
What is the value of 3 + 3 + (1 - 1 - 1)?
5
What is the value of (10 - (5 - (9 + -7))) + -2?
5
What is (10 - 10) + 3 + -3?
0
Calculate -22 + -7 - -10 - -10.
-9
Calculate -3 + 1 - (-1 - 1 - 4).
4
-27 - -22 - (1 - (-1 - -2))
-5
-1 + 5 - (3 + (10 - 16))
7
-1 - (-7 - (0 - 5 - -3))
4
Calculate 2 - (-1 - -2) - (-2 - -6).
-3
Evaluate 7 - ((5 - (-5 + 3)) + -3).
3
-5 + 8 + -1 - (1 + -4)
5
What is the value of -24 - -30 - (-1 - 1) - 0?
8
3 + -7 + 2 + 0
-2
Calculate -11 - -14 - (1 + 1 + -1).
2
What is the value of 5 - (10 + -9 + 0)?
4
Evaluate -1 + (6 - ((-1 - 0) + -2)).
8
Evaluate -7 + (1 - 4) + 10.
0
Evaluate -5 - (-5 - (-13 - -11)).
-2
What is the value of 1 + -2 + -1 + 4 - -2?
4
1 + -7 - -13 - 13
-6
What is 3 - 1 - (1 + -3)?
4
Calculate -8 + -2 + 8 + -1.
-3
(-5 - 6 - -4) + 5
-2
Calculate -3 + (-2 - (6 - 3)).
-8
Calculate 0 - (-1 + -3 - -4).
0
What is the value of (8 - 10 - 3) + 11?
6
Calculate 11 - (27 - 12 - 5).
1
Calculate 6 - (3 + 3 - 2).
2
What is the value of -4 - (-10 - (-6 - 2))?
-2
Calculate (-39 - -43) + 4 + -2 + -6.
0
Evaluate 8 + 1 + -4 - -3.
8
Evaluate 2 - (-10 - -4) - 3 - 4.
1
What is -11 + 14 + 3 - 7?
-1
Evaluate -1 + 3 + (-8 - -2).
-4
What is 1 + (-5 - (0 + -5)) + 5?
6
Evaluate 1 - (1 + -3 + 5).
-2
Evaluate 6 - (9 + -8) - 2.
3
Calculate 7 - (1 + (6 - 8) - 2).
10
Calculate (1 - 2) + (10 - 7) 